nds digit of ((-792)/(-1320))/(105948/105945 - 1)?
2
What is the ten thousands digit of 14047 - ((-1342)/(-198) + 8/36)?
1
Let f(g) = 14*g**2 - 33*g + 103. What is the hundreds digit of f(-19)?
7
Suppose 4*z = 5*u + 14 + 6, 5*u = -z - 20. Suppose -3*y - 3*x + 758 = -265, z = 4*y - 3*x - 1336. What is the units digit of y?
7
Suppose 18*c - 310440 - 5078 = 249664. What is the thousands digit of c?
1
Suppose 4*z - 347 = -c + 525, 0 = -2*z - 4*c + 450. Suppose 6570 = -208*i + z*i. What is the units digit of i?
0
Let m(z) be the second derivative of 13*z**4/12 + 4*z**3/3 - 2*z**2 + 3*z + 2. What is the units digit of m(5)?
1
Suppose 2*o + 4*q = -21 + 281, -2*o = -5*q - 233. Let g = o + 136. What is the units digit of g?
0
Suppose -3*k = 52 - 16. Let r be (-408)/k + -2*1. Let u = r + 117. What is the hundreds digit of u?
1
Let j be ((-2)/2 - -1) + 6 + 12. Let i = 16 + j. Let q = i + 77. What is the hundreds digit of q?
1
Suppose -6*d + 569 = 143. Let s = d + 92. Suppose 3*u = 23 + s. What is the tens digit of u?
6
Let j(z) = -z**2 - 7*z + 10. Let b be j(2). Let q be b/2 - (-1 + -188 + 4). Suppose r = p + q, p + 2*p - 357 = -2*r. What is the tens digit of r?
8
Let a = 80 + -200. Let g = a + 251. What is the tens digit of g?
3
Let n be (-1396)/(-9) + (-27)/243. Suppose -l - 158 = -c, 11*l - 9*l - n = -c. What is the units digit of c?
7
Let t = -967 - -463. Let j be 3 - 1 - (-2 + t). Suppose 1543 = 5*g + j. What is the tens digit of g?
0
Let k(b) = -117 + 55 - 9*b - 2*b**2 + 30. Let c(a) = -3*a**2 - 17*a - 65. Let j(m) = -3*c(m) + 5*k(m). What is the tens digit of j(8)?
1
Let o(w) = w**3 - 93*w**2 + 311*w - 100. What is the tens digit of o(92)?
4
Let l = 913 - -3018. What is the tens digit of l?
3
Let m(y) = -y**3 + 36*y**2 + 33*y - 48. Let t be m(36). Let n = t - 686. What is the units digit of n?
4
Let c(y) = -3*y**2 + 2*y - 3. Let r(w) = -w**2 + w + 1. Let d be r(0). Let f be c(d). What is the units digit of (-376)/(-6) + f/6?
2
Let d be 48/9 + (8/3 - 2). Let z(b) be the first derivative of 3*b**2 - 9*b + 6. What is the tens digit of z(d)?
2
Suppose 5 = 5*o, 5*x - 7*o = -3*o + 451. Let k = x - 63. Let t = k + -21. What is the units digit of t?
7
Let n(d) = -938*d - 4320. What is the thousands digit of n(-24)?
8
Let z be 6 + 1090 - 3 - -5. Let p = z + -620. What is the hundreds digit of p?
4
Let z = -659 + 489. Let t = 1422 + z. What is the thousands digit of t?
1
Let v(k) = 7 - 92*k**3 + 14*k + 88*k**2 - 37*k**2 - 46*k**2 + 12. What is the units digit of v(-2)?
7
Suppose 69*n - 188 = 22*n. Suppose -5*v = -3*c - 5570, -52*c - 4464 = -n*v - 48*c. What is the units digit of v?
1
Let a(l) = 5*l - 1. Let f be a(-1). Suppose -4*t = 3*n + 38, 0 = 2*n - 42*t + 41*t - 4. What is the tens digit of 47 + (f + 6)*(-2)/n?
4
Let c(p) = -13*p**2 + 91*p - 16. Let j(f) = 6*f**2 - 46*f + 8. Let x(v) = -3*c(v) - 7*j(v). What is the tens digit of x(12)?
4
Let w = 851 - 460. Let h = 823 - w. Suppose 0*a - 4*a = -h. What is the tens digit of a?
0
Let h(o) = 12*o + 62. Let d be h(18). Suppose 8*c = 9*c - d. Suppose 0 = -2*u - 5*g + 278, 3*u - c = u - g. What is the units digit of u?
9
Let r be -2 + 60/27 + (-1963)/(-117). Suppose -r*p + 915 = -7432. What is the units digit of p?
1
Let w(p) = -1852*p - 177. Let x be w(-2). Suppose -5*f - 6*a + a = -5855, 3*f - 4*a = x. What is the tens digit of f?
7
Let d be 2/3*24/2. What is the units digit of (-1 + (-38)/d)*(-8 - -4)?
3
Suppose 0*r - 2364 = 4*r. Let m = r - -1061. Suppose -z = 4*z - m. What is the tens digit of z?
9
Let j(n) = -957*n - 3263. What is the hundreds digit of j(-9)?
3
Suppose -4*j + 5847 = -957. Let b = -1164 + j. What is the hundreds digit of b?
5
Let z = 2082 - -7824. What is the tens digit of z?
0
Suppose -7*j - 23 + 114 = 0. Suppose -j*c + 3220 = 464. Let x = c + -69. What is the tens digit of x?
4
Suppose 4*b = -4*g + 5260 + 1152, 2*g = -b + 1602. Suppose -4*i = -b - 492. What is the hundreds digit of i?
5
Suppose 4*k - 3*m + 2 = 0, -5*k = -m + 3*m - 9. Let s be ((-5)/(-10))/(k/222). Let c = s + -54. What is the tens digit of c?
5
Let j = 53 + -56. Let g be (j + (-55)/(-15))*3. Suppose v + 3*c - 82 = -g*c, 4*v = 5*c + 278. What is the units digit of v?
2
Let u(s) = 31*s**2 - 9*s - 94. Suppose 136 = -57*d - 206. What is the hundreds digit of u(d)?
0
Suppose -3*z + 19763 = -5*x, -3*z = x - 33407 + 13614. What is the hundreds digit of z?
5
Let k(b) = b**3 + 21*b**2 - 10*b + 140. What is the tens digit of k(-16)?
8
Suppose -3*w - 4*l + 305 = -84, 0 = -5*w - 3*l + 630. Let k = -121 + w. What is the tens digit of -64*-3*1/k?
9
Suppose -2*t = -2*b + 596, 1517 = -5*t - 6*b + 2*b. Let l = -162 - t. What is the tens digit of l?
3
Let j be 1*156 - (-2 + (-5)/(-1)). Suppose 0*w = -3*w + j. Suppose 379 = 8*q + w. What is the units digit of q?
1
Suppose 2*y - 4*a - 88378 = 46342, 2*a = -5*y + 336728. What is the ten thousands digit of y?
6
Suppose 45 = -59*t + 60*t - b, 4*b = -3*t + 156. Suppose 4*w = -4*w + t. What is the units digit of w?
6
Let v(s) = 74*s + 1222. What is the thousands digit of v(41)?
4
Let q(j) = -12*j**3 + 12*j**2 - 89*j - 16. Let v(p) = 5*p**3 - 6*p**2 + 44*p + 8. Let n(t) = 3*q(t) + 7*v(t). What is the units digit of n(-12)?
0
Let g = 7325 + 5156. Suppose 5*k - g = -3406. What is the hundreds digit of k?
8
Suppose -2*o + 5*m = -3130, -o + 3118 = o + m. Suppose -2*j = -6*j + o. What is the units digit of j?
0
Let x(f) = 4 + 245*f**2 + 0*f**3 - 257*f**2 - 15*f - 3*f**3 - 60. What is the units digit of x(-8)?
2
Let w(b) = 575*b**2 - 204*b - 16. What is the thousands digit of w(9)?
4
What is the hundreds digit of -4297*(-2)/(14 - 12)?
2
Suppose -5*x = -23*s + 25*s - 82916, -x - 124374 = -3*s. What is the ten thousands digit of s?
4
Let z(f) = f**2 + 7*f - 23. Let y be z(-10). Let g be (-1 - (5 - 2 - 2)) + y. Let k(p) = -p**3 + 5*p**2 - p + 9. What is the units digit of k(g)?
4
Suppose -241*u = 4*d - 238*u - 123884, 0 = -5*d - 3*u + 154852. What is the units digit of d?
8
What is the hundreds digit of 175/(-100) - 12547/(-4)?
1
Let k(h) = -6*h - 8. Let f be k(-3). Suppose 0 = -4*w - f*w + 28. Let l(z) = 106*z + 14. What is the hundreds digit of l(w)?
2
Let f = 160704 + -84360. What is the ten thousands digit of f?
7
Let q(x) = 27*x + 2*x**2 + 2*x**2 - 3*x**2 - 3*x + 27. Suppose 9*v = -127 - 80. What is the units digit of q(v)?
4
Suppose 4*u + 2078 = -3470. Let m = -622 - u. What is the hundreds digit of m?
7
Let g = -46991 + 66054. What is the units digit of g?
3
Suppose 135*h - 19960 = 115*h. What is the hundreds digit of h?
9
Let w(t) = -t**3 - 3*t**2 - 2*t - 4. Let r be w(-2). Let z be 0/3 + (-3095)/(-5) + r. Suppose -v = -4*v + z. What is the tens digit of v?
0
Suppose -7*y + 632 = 51. Suppose y + 543 = 2*r. What is the tens digit of r?
1
Suppose g + 14539 = f, 0 = 3*f + 2*g + 5838 - 49460. What is the units digit of f?
0
Suppose -3*d = -3*j - 2 + 20, 0 = -3*j + 5*d + 24. Suppose 0 = 2*y + 2*s + 252, j*y + 432 = -s + 50. What is the tens digit of y/(-12) + 12/9?
1
Let c(o) = 103*o + 0 - 9 - 104*o. Let g be c(-14). Suppose 3*w + 2 = -13, 0 = 2*z + g*w - 245. What is the units digit of z?
5
Let d be (1 + 1 + 0)*(-14)/(-4). Suppose -5 = f - 4*g - d, f = -3*g + 30. Let t(v) = 4*v - 6. What is the units digit of t(f)?
6
Suppose 7*p - 8*p - 11 = 0. Let y = 11 + p. What is the tens digit of y/((-10)/(-2)) - (-32)/2?
1
Let u(y) be the first derivative of -y**4/4 + 4*y**3 + 19*y**2/2 - 25*y + 20. Let t be u(13). Suppose -59*g + 894 = -t*g. What is the units digit of g?
9
Let p be 72/((6/9)/1). Let h = p + -60. Suppose -d - 145 = -5*r + 11, 2*r - 4*d = h. What is the tens digit of r?
3
Let p = -6067 - -11875. What is the thousands digit of p?
5
Let n(b) = 7 - 7*b + 17*b**2 + 2*b + 10*b - 18*b. What is the hundreds digit of n(6)?
5
Suppose -1107*d + 5*u = -1110*d + 3232, 3*u + 5432 = 5*d. What is the hundreds digit of d?
0
Let i(d) = -7*d**2 - 1408*d - 26. What is the hundreds digit of i(-28)?
9
Suppose 35*a = -29*a + 41*a + 1570808. What is the units digit of a?
6
Let m(i) = -4*i**3 + 3*i**2 - 1. Let v be m(1). Let g be ((-2)/v - 0)*0. What is the tens digit of -5 + 6 + 42 + g?
4
Let d be 2118/14 + 4/(-14). Let h(c) = -6*c**2 + 44*c - 9. Let l be h(7). Suppose l*r = -4*g + g + d, -4*r = 3*g - 152. What